- 6. What is the tens digit of h(0)?
3
Suppose 5*p = -4*q + 314, 0*p + 2*p = -4*q + 128. What is the units digit of p?
2
Let b(o) = -o - 3 + o**2 - 2*o - 5*o - 6*o. What is the units digit of b(16)?
9
Let b be 44/7 + 4/(-14). Let w be (-3 + 2)*-4*3. Suppose -2*s - w = -b*s. What is the units digit of s?
3
Suppose -4*z = -3*b + 576, 0 = -2*b + 4*b - 2*z - 382. What is the units digit of b?
8
Suppose 0*g = -2*g + 56. What is the tens digit of g?
2
Let d(y) = y**2 + 2*y - 3. Let s be d(-3). Suppose 5*v = -s*v + 35. What is the units digit of v?
7
What is the units digit of (5/(-3))/(3/(-18))?
0
Let o be (9/4)/(235/(-60) + 4). Suppose 4*a + 4*m - m - 44 = 0, -2*m = a - 16. Let t = o - a. What is the units digit of t?
9
Let u(j) = -j**3 - 3*j**2 + 8*j + 6. What is the tens digit of u(-5)?
1
Let i be (3*(-5)/(-3))/1. Suppose i*t - x - 55 = 0, -x - 1 = 2*t - 23. What is the tens digit of t?
1
Suppose -4*h + 3*h - 4*d + 17 = 0, -5*d = -3*h + 34. Suppose 0 = -2*p - 0*p + 100. Suppose 4*u = 2*f + p, -h = 2*u - 4*u - 3*f. What is the units digit of u?
1
Let m(f) = -f**3 - 4*f**2 - 5*f - 4. Let r be m(-5). Suppose 30 - 84 = -2*x - 4*h, 2*x = -2*h + r. What is the tens digit of x?
1
Let a(r) = -r**2 + 15*r - 3. Let c be a(16). Let s = -4 - c. What is the tens digit of s?
1
Let r be (-66)/(-8) - (-2)/(-8). Suppose 0 = 4*q - r, 0 = -3*x + 2*q - 8 + 19. What is the units digit of x?
5
Let y(h) = -259*h - 3. What is the units digit of y(-1)?
6
Let b = 31 - -9. Suppose n - 18 - 2 = j, -3*n + b = 2*j. Suppose 3*u + 15 = 2*o + 2*u, 2*o = 2*u + n. What is the units digit of o?
7
Suppose 2*q - 40 = -w - w, -4*q + 84 = 5*w. What is the tens digit of q?
1
Suppose 175 = 8*h - 3*h. Suppose -h = -3*s + 37. What is the units digit of s?
4
Let a = -53 - -62. What is the units digit of a?
9
Let n be 4/14 - (-556)/14. Suppose -8*c = -3*c - n. What is the units digit of c?
8
Suppose -12 = -36*y + 32*y. What is the units digit of y?
3
Let a(r) = r**2 - 2*r - 4. Let x be a(6). Suppose 2*j = f + 3*j + x, 0 = -f + 2*j - 11. Let p = 28 + f. What is the units digit of p?
1
Let h(k) = k**3 + k - 6. Let n be h(0). Let i(j) = -j - 6. Let r be i(n). Suppose l - 8 + 1 = r. What is the units digit of l?
7
Let d be 2 - (1 - (4 - 3)). Suppose -k - 29 = -4*k + 4*t, 2*t = -3*k - 1. Suppose k*c = 5*v + 1, c - 5 = -v - d*v. What is the units digit of v?
1
Let r be 15/6 - 2/4. Suppose -r*f = -6*f + 56. What is the units digit of f?
4
Let a be -1*(-3 + 2 + 0). Let j = 8 + -6. Let b = a + j. What is the units digit of b?
3
Suppose 3*a - 17 = -0*a + w, -5*a + 4*w + 26 = 0. What is the units digit of a?
6
Let n(c) be the third derivative of c**6/40 - c**4/12 + c**3/2 - 5*c**2. What is the tens digit of n(2)?
2
Suppose 7*u + 64 = 8*u. What is the units digit of u?
4
What is the units digit of (15/45)/((-2)/(-132))?
2
Let m = -119 - -184. What is the tens digit of m?
6
Let t(g) = -4*g**3 + g**2 - g + 1. Let u be t(1). Let n = 2 + u. What is the units digit of (-4)/(-4)*(6 - n)?
7
Suppose 5*p = p + 24. Let c = 26 - p. What is the units digit of c?
0
Suppose 4*g = 4*u + 20, -5*g + 16 = -g - 3*u. What is the units digit of g?
1
Let d = 0 - 1. Let h = d - -4. Let q(z) = -z**3 + 4*z**2 + z - 4. What is the units digit of q(h)?
8
Let q(a) = 2*a**2 + 6*a - 7. Let o be q(7). Suppose 3*s = 5*g - o, 4*s - 12 = s. What is the units digit of g?
9
Suppose -5*h + 135 + 165 = 0. Let o = 90 - h. What is the units digit of o?
0
Let p = -2 + 4. What is the units digit of p?
2
Suppose 3*v + k - 8 = 0, 2 = 2*v - 3*k + 4. Suppose v*d - 1 = 3. What is the units digit of 4/3*3/d?
2
What is the hundreds digit of (-791)/(-5) + 6/(-30)?
1
Let s = -80 + 114. What is the tens digit of s?
3
Let y = 78 + -15. What is the tens digit of y?
6
Let p(f) = 2*f**3 - 5*f**2 + f + 3. Let i be p(3). What is the units digit of 2/(-6) - (-260)/i?
7
Let q = 15 + -30. What is the units digit of (1 + q/9)*-9?
6
Let n(t) = -t**3 - 3*t**2 + 4*t + 2. Let r be n(-4). Suppose -4 = r*c - 2*d, -3*c + 0*c - 10 = -5*d. What is the units digit of -2 + (c - -1) + 5?
4
What is the units digit of (-9)/((-9)/6*1)?
6
Let l = 3 + 2. Suppose -l*j + 40 = -40. What is the units digit of j?
6
Let j(g) = g**2 - 5*g + 5. Let b be j(5). Suppose -2*k - 38 = -5*q + q, -b*q + 50 = -2*k. What is the units digit of q?
2
Let l = 29 + -22. What is the units digit of l?
7
Let v = 204 - 44. What is the units digit of v?
0
Suppose 5*s + 20 = 0, 4*s - 151 - 168 = -5*m. What is the units digit of m?
7
What is the tens digit of 15/(630/12) + (-1125)/(-7)?
6
Let r(s) = 9*s**3 - 16*s**2 + 14*s - 23. Let d(a) = 5*a**3 - 8*a**2 + 7*a - 12. Let i(w) = -11*d(w) + 6*r(w). What is the tens digit of i(-9)?
1
Let w = -138 + 289. What is the hundreds digit of w?
1
Let h = 3 + -1. Let t = -1 - h. Let l = 6 + t. What is the units digit of l?
3
Let h(s) = s + 1. Let c(k) = -k. Let n(p) = -c(p) + h(p). What is the units digit of n(1)?
3
Suppose 2*r - 6*a - 484 = -3*a, 950 = 4*r + 3*a. What is the units digit of r?
9
Let q = -17 + 11. Let m be (q/9)/((-1)/3). Suppose -m = -0*n - n. What is the units digit of n?
2
Suppose 2*q - 2 = 3*o + 4*q, o = -2*q - 6. Let i be (0 - 6/o)*-1. Suppose 0*p + 2*p + 9 = 3*g, 0 = g + 5*p - i. What is the units digit of g?
3
Suppose 4*p - 14 = 10. What is the tens digit of 81/(-12)*(-16)/p?
1
Suppose 35 = p + 8. Suppose 12 - p = -3*j. Suppose j*d - 3*d - 14 = 0. What is the units digit of d?
7
Suppose 3*c = -5*l + 15, 26 = 2*c - l - l. Let f = -2 + 8. What is the units digit of f/c*(7 + -2)?
3
Let d = -49 + 65. What is the units digit of d?
6
Suppose 7 + 3 = 5*t. Suppose 0 = -5*o + 4*g + 15, 3*o - 2*g = t*g + 1. What is the units digit of o?
7
Let w = 125 + -53. What is the units digit of w?
2
Suppose 0 = -5*v - 17 - 13. Let z be (-1)/(-1) + (-4 - v). Suppose 3 = 3*w - z. What is the units digit of w?
2
Suppose 3*i - 5*i = 0. Suppose -16 = -2*c - 4*d, 0 = d - i*d - 3. Suppose 6 + 4 = c*k. What is the units digit of k?
5
Suppose -2*d + 28 = -34. What is the tens digit of d?
3
Suppose 17 = -5*h + 4*l + 54, -2*h - 3*l + 1 = 0. Let s(w) = -9*w - 13. Let f(b) = -4*b - 6. Let y(p) = h*f(p) - 2*s(p). What is the units digit of y(-7)?
0
Let y be 2 + -60 + (-2 - 1). Let s = 90 + y. What is the tens digit of s?
2
Suppose 47 = c - 2*y, -c - 3*y = -3*c + 99. What is the units digit of c?
7
Let k(o) be the second derivative of -o**4/12 + 4*o**3/3 + o**2/2 - 2*o. Let c be k(4). Let y = -5 + c. What is the tens digit of y?
1
Suppose 4*i = -i - 5. Let n(s) = s**3 + s**2 - 4*s - 3. Let m be n(-2). Let p = m - i. What is the units digit of p?
2
Let p = 13 - 8. Suppose -p*c + 41 = -2*i + 5*i, 3*c + 4*i - 18 = 0. Let r = -6 + c. What is the units digit of r?
4
Let t(z) = -4*z**3 - 2*z**2 - 2*z + 2. Let y be t(-4). Suppose 6*a - y = -0*a. What is the tens digit of a?
3
Suppose -a + 78 = 2*d, -d + 66 = a - 2*d. What is the units digit of a?
0
Suppose -3*a + 140 = a. Let h = -24 + a. What is the tens digit of h?
1
Let z be (5 + -8)/(3/(-2)). Let s = z - -3. Suppose 0*n + 65 = s*n. What is the tens digit of n?
1
Suppose -7*x = -2*x - 115. Let y = x - 13. Suppose g = -g + y. What is the units digit of g?
5
Suppose -17*i = -18*i - 6. Let m be -3*(0 + 0 + 1). What is the units digit of (26/i + 1)*m?
0
Let w = 305 - 163. Suppose -3*r - 5*d = -d - w, -3*d + 12 = 0. What is the units digit of r?
2
Let f(g) = g + 1. Let c = -3 + 7. Let l be f(c). Suppose 4*h + 4 = 2*i, h + 2 = l*i - 4*i. What is the units digit of i?
2
Suppose 3*w - 2*w - 63 = 0. Let g = w - 29. What is the units digit of g?
4
What is the tens digit of ((-38)/(-1))/((-1)/(-1))?
3
Let o = 33 - 20. What is the units digit of o?
3
Let u(m) = -3 + 6 - 2*m - m**2 + m**3 - 2*m**3 - 5. What is the units digit of u(-2)?
6
Let v be (1/(-3))/1*-3. Let f(r) = 18*r**2 - r. What is the units digit of f(v)?
7
Suppose 0 = 2*w - 11 + 1. Suppose 2 = 4*q + w*t, -1 = -q - 5*t + 7. Let i(o) = 2*o**2 + 2*o + 2. What is the units digit of i(q)?
6
Let v = 68 + -17. What is the units digit of v?
1
Let q(b) = -b**2 + 16*b + 22. What is the units digit of q(15)?
7
Let s be 0 - (0 - 6) - 2. Suppose 0 = d + d - s. Suppose -d*v = -12 - 8. What is the units digit of v?
0
Suppose 5*g - 4*u = 12 + 10, 8 = 4*u. What is the tens digit of (33/g)/(2/4)?
1
Let